 1 - 14 - (1 - 0)?
-1
Evaluate 1 + -2 - (-1 - (-3 + -2)).
-5
What is (2 - -3) + (-1 - 0)?
4
(3 - 5) + -1 + 1
-2
Evaluate 9 + (-3 + 11 + -8 - 8).
1
-8 - (-7 + 3 + 5) - -5
-4
What is the value of (1 - -10) + (-89 - -82)?
4
What is the value of (-6 - (2 + -5)) + (7 - 3)?
1
(25 - 23) + -10 + 4
-4
0 + 1 - (5 - (6 - -3))
5
What is the value of 6 - ((3 - -5) + -1)?
-1
8 - (19 + -2 + -6 - 8)
5
What is the value of (-4 - -4) + -3 + 2?
-1
-9 + 0 + (-66 - -69)
-6
Evaluate 7 - (7 + -4 - -4 - -6).
-6
What is the value of -92 - -98 - (-1 + 12)?
-5
Calculate 1 - (1 + (1 - 2)) - 8.
-7
3 + (-7 - (-8 - (-5 - 0)))
-1
Calculate 0 + (4 - 7) + (-3 - -5).
-1
Evaluate 1 + (2 - 2) - (-26 + 25).
2
4 - (4 + -1 + -4 - -4)
1
7 - (8 + 1 - 1)
-1
What is (-1 - -2) + 2 + 1 + -1?
3
What is the value of 13 + -8 + -2 + 0?
3
Evaluate 3 - -2 - (-14 - -23).
-4
Evaluate 1 + 0 + (-9 + 5 - 1).
-4
-3 + (-3 + (3 - 4) - -3)
-4
What is 1 + (1 - -2) + (-1 - 6)?
-3
Evaluate 1 + 0 + -4 + 3.
0
What is the value of -5 - (-5 + (0 - -5))?
-5
Evaluate 2 - (-1 + (9 - 8)).
2
(1 - 5 - (-2 + 0)) + -2
-4
What is (7 - 4 - 5) + 0 + -2?
-4
What is -1 - -5 - (24 - 12)?
-8
What is the value of -6 + 9 - (1 - (3 + -2))?
3
Calculate -2 - (-4 + -2 + 2).
2
What is -2 - 0 - (5 + -1 + -2)?
-4
What is -2 + (-6 - (-5 - (-11 + 7)))?
-7
What is 9 + (-16 - (9 + -9))?
-7
-5 + (4 - -10) - (2 + -1)
8
What is the value of (3 + 1 - 2 - -1) + -7?
-4
What is the value of -2 + 2 + 3 - (-7 - -11)?
-1
Evaluate (-4 - -4) + 1 + -2 + -4.
-5
Evaluate 0 + 1 + (-10 - -7).
-2
-1 - (-4 + -3 + 8)
-2
Calculate -5 + 8 + -5 + 3.
1
What is the value of -14 + 1 + (-9 - -25)?
3
Evaluate -2 + -4 + (23 - 11).
6
(-4 - -1 - 1) + 5 - -5
6
What is the value of -23 + 21 - (-3 - -9 - 3)?
-5
(-8 - 7) + 1 - (-4 - 1)
-9
What is -2 + 8 + -3 + -3 + 11?
11
Calculate (-2 + 8 - 1) + (114 - 121).
-2
Calculate (0 - -9) + -42 + 37.
4
What is 1 - -3 - ((-5 - -2) + 7)?
0
Evaluate 1 + (-2 - -5 - 4).
0
What is 5 - (11 - 0) - (-3 + -4)?
1
6 - -2 - (-1 + 14)
-5
Evaluate (-4 - ((-2 - -3) + -6)) + 3.
4
Calculate -1 - (2 + -6 + 6).
-3
Calculate 4 + -5 + -1 + -2 + 1.
-3
Evaluate 1 + -2 - (-8 + 18 + -12).
1
-4 + 7 - ((-2 - -1) + 9)
-5
Calculate (-4 - (4 + -7)) + 6 + -5.
0
What is the value of (7 - -1 - 0) + (-7 - -4)?
5
What is -15 + (8 - 0) - -3?
-4
What is 2 - (-27 + 26 - (-1 + 1))?
3
(1 + 0 - 4) + -27 + 29
-1
What is 3 - (4 - (-5 - -7) - -1)?
0
2 + (-17 - -7 - -3)
-5
3 - (1 + 5 - (98 - 97))
-2
What is the value of (8 - (16 + -10)) + -12?
-10
Calculate -2 + -3 + 11 - 8.
-2
Evaluate 2 + 6 + 0 - 14.
-6
Evaluate 0 + -5 - (38 - 27) - -7.
-9
What is the value of 0 - (0 - -1 - -2)?
-3
Calculate (-26 - -40) + (1 - 10).
5
Calculate -5 - ((-16 - -2) + 4).
5
Evaluate (0 - (-3 - 0)) + (-3 - -3).
3
What is the value of 5 + (-6 + 1 - -2)?
2
4 + (-2 - -6 - 5)
3
Calculate -9 + 3 + 3 + (-1 - -6).
2
Evaluate (1 - 5 - -9) + 2.
7
What is 3 + (4 - 4) - 2 - -1?
2
What is the value of -3 + (-4 + 0 + -1 - -2)?
-6
What is (3 - (6 - 5) - -4) + -5?
1
(-2 - (-4 + 10 + -4)) + 4
0
What is the value of -2 + 8 + -3 - 2 - -2?
3
What is (5 - 1) + 10 + -25 + 9?
-2
What is 0 - -4 - (0 + 1)?
3
What is -28 + 29 + (-4 - (1 - 1))?
-3
Evaluate -2 + -6 - (-10 + -1).
3
7 + -1 + -7 + 3 - 0
2
What is the value of -4 - (-6 + 12 + -9)?
-1
Evaluate 9 + 1 + -25 + 20.
5
Calculate 2 + 0 - (43 - 46).
5
What is 0 - (3 - (-1 + -3)) - -1?
-6
What is the value of 1 - (0 + (4 - 3) + -4)?
4
What is -6 + -8 + 9 + 10?
5
Calculate 3 + 7 + -24 + 4.
-10
What is -1 + (-3 - (0 + (-4 - -1)))?
-1
Calculate (2 - 0) + 3 + -9 + 8.
4
Evaluate 14 - (-1 - (-1 + -5)).
9
Evaluate -1 + -3 + (3 + 5 - -2).
6
Evaluate 0 + 2 + 20 + -18.
4
-14 + (3 - 7 - -14)
-4
Calculate 0 + (-9 - -6) + (0 - 3).
-6
Evaluate 4 - (2 + (2 + -8 - -2)).
6
Evaluate (19 - (0 + 15)) + 1 + -2.
3
Calculate -8 - (-10 + 3) - (0 + -1).
0
What is the value of 1 + (-6 - -2 - (16 + -21))?
2
What is the value of 2 + -4 - -11 - 7?
2
Calculate 1 - 0 - (-4 + (-2 - -8)).
-1
What is the value of (-1 - -3) + (11 - 17)?
-4
Calculate 1 + 6 + -5 + 0 + 0.
2
What is the value of -3 - -9 - (-3 - (4 - 5))?
8
Calculate -9 + (-2 - (-6 - -4)) + 5.
-4
What is -6 + 4 - (10 + (5 - 9))?
-8
((-2 - 3) + 2 - -3) + -3
-3
Evaluate -5 + 4 - -2 - (-13 - -17).
-3
Calculate 12 + -16 - (1 - (0 - -5)).
0
Evaluate -3 - ((-2 - 3) + -4) - 6.
0
Calculate (-3 - -1) + (9 - 4) + -7.
-4
What is the value of 3 + (2 - 0) + -4 + -4?
-3
What is the value of 12 + -8 + -5 + -1?
-2
Calculate -6 + (-7 - -6) + 2 + 5.
0
Calculate 9 + (-10 - 10) - -10.
-1
Evaluate (-20 - -18) + 5 + -1 + -3.
-1
Calculate 6 - 8 - (-1 + -3).
2
(3 - (2 + -1)) + 23 + -21
4
(2 - 4 - 0) + 0
-2
What is -23 + 14 + 13 - 4?
0
Calculate 1 + 5 - (23 + -17).
0
What is the value of -10 + (2 - -3) + 3?
-2
-1 + 3 + -1 - -2 - 4
-1
-3 - 0 - (-7 - -6)
-2
What is the value of 9 + (-10 - -11) + -12?
-2
Calculate -8 - (13 + -13 + -11).
3
What is (6 - 19) + (8 - 0)?
-5
Evaluate 0 + 4 - (4 - (13 - 7)).
6
-22 + 10 - -6 - (-8 - 2)
4
Calculate -2 - (0 + -5) - (1 - -3).
-1
What is 10 + -2 + -3 + 3 + -6?
2
16 + -14 + 2 + -1
3
0 - 4 - (-17 - -17)
-4
What is the value of 3 - 1 - 4 - (0 - 1)?
-1
What is -1 + 3 + -1 - 4?
-3
What is the value of -1 + -1 + -1 + 0 - -8?
5
Calculate 3 + -2 - (0 - -5).
-4
Calculate 4 + (4 - 6) + -3.
-1
Evaluate 0 - (5 - 9) - (1 - 1).
4
-1 + (5 - (4 + -4)) - 1
3
(2 - (6 - 1)) + 10
7
Evaluate (10 - 4) + 0 + -9.
-3
9 + -6 - (8 - 5)
0
What is 1 + 0 + 7 - 12?
-4
Calculate 4 + -3 + -4 - (0 + 0).
-3
What is the value of (-4 - 0) + (10 - (-4 + 9))?
1
What is 0 - (11 + -32) - 13?
8
What is -21 - -26 - (2 - 1 - 1)?
5
What is (-4 - -6) + (-1 - 5)?
-4
What is the value of 0 - 1 - (119 - 120)?
0
Evaluate -1 + 8 + (-1 - 12).
-6
Calculate 2 - (-5 - (2 + -2 + 1)).
8
Evaluate -8 - -7 - -6 - 7.
-2
Evaluate -5 + 2 + (-3 - (-15 + 8)).
1
6 + (-5 + 3 - 2)
2
6 + (-4 + 5 - 3) + -2
2
3 - ((-7 - -3) + 1)
6
Evaluate -4 - -12 - (9 - -5).
-6
What is 0 + 8 - (5 + 0)?
3
Calculate -4 - 0 - (-22 + 23).
-5
Evaluate (-4 - -8) + (-1 - (2 + -2)).
3
0 - -7 - (6 + -8 + 3)
6
Calculate 1 + -4 - -2 - -5.
4
What is -5 - (-3 + 3 - 11) - 4?
2
Evaluate -7 + -1 + 6 - -1 - 2.
-3
What is the value of -121 + 121 + -1 + 0?
-1
What is the value of -1 + -2 - (-3 + (0 - 0))?
0
Calculate 6 + 1 + -6 + -2.
-1
Calculate (-33 - -36) + (-3 - (0 - 2)).
2
What is -5 + (1 - -3) + -3?
-4
What is 5 + -10 - -4 - (-6 - -2)?
3
Evaluate 0 - (-2 - -3) - (-2 - 1).
2
Evaluate -1 + (-2 - 1 - -1).
-3
Evaluate -8 + (11 - 6) + 5.
2
What is the value of 17 - (-9 + 8 - -11)?
7
-3 + (3 - 3) + 7
4
Calculate (0 + -4 - -3) + -2 + 8.
5
What is (-2 + 2 - -2) + (3 - 0)?
5
What is 1 + (1 - 9 - (-8 + 3))?
-2
(2 - 0) + (-2 - 5) + 2
-3
Calculate (19 - 25) + (4 - 2).
-4
Calculate 3 + (9 - 6) + (5 - 11).
0
What is 4 - (-5 - (-3 + -1 - -2))?
7
Evaluate -2 + 7 + -8 + (-2 - 0).
-5
Calculate -5 + 6 + 8 + -7.
2
Evaluate 5 + (-1 - 0 - (11 - 10)).
3
Calculate (-7 - -6) + -4 + 2 + 0.
-3
Evaluate -5 + 8 - (1 - -7).
-5
Evaluate (0 - -1) + 0 - (-4 + 7).
-2
Evaluate -6 + 8 + 3 + -4.
1
Evaluate (-1 - -4) + (0 - (-3 - -4)).
2
-7 + 5 + (3 - 3)
-2
-8 - (-15 - -2) - 8
-3
Evaluate -1 + 13 + -8 - 6.
-2
Calculate -7 + (0 - -9) + 4.
6
Evaluate -6 - (-11 - -2) - 6.
-3
What is the value of (-1 - 3) + (3 + 0 - -1)?
0
Calculate 1 + -5 + 3 + 1 + -4.
-4
Evaluate -2 + (-7 - -2) - -6.
-1
(11 + -11 - (-1 - 0)) + -1
0
Evaluate 6 - (1 + -3 + -10 + 13).
5
Calculate -9 - (-1 + 0) - -3.
-5
What is 4 - (0 + 3 + -4)?
5
47 + -46 + 1 + 1 + 1
4
What is (4 - (0 - -1)) + 1?
4
Calculate 0 + -1 - (-2 - (-7 + -2)).
-8
What is the value of 14 + -19 + 1 - (-10 + -1)?
7
3 - (2 - 5 - -3)
3
What is 10 - (2 + 3) - (2 - -5)?
-2
What is the value of -6 + 3 + -11 + (-7 - -21)?
0
-4 + 3 + -6 - -3
-4
0 + -3 - (1 + -9 + 4)
1
What is 1 + 3 + (4 - 7 - 4)?
-3
What is 17 - (-18 - -13 - (1 - 14))?
9
What is the value of 12 - (-1 + 5) - 0?
8
What is the value of 0 - (-5 + 8 + 2)?
-5
What is -5 - (-7 - (1 + -1))?
2
Calculate 3 + (0 - 6) - -2.
-1
9 + -16 + 6 - (1 - 2)
0
-2 + 25 + -8 - 9
6
What is (115 - 125) + (14 - 1)?
3
Calculate 10 - (3 + -5 + 12).
0
Evaluate (-3 + 3 - 7) + 3.
-4
Evaluate 7 + (-9 - 1) - 0.
-3
Calculate 2 - (-5 + 3 + 2).
2
What is the value of 11 + -1 + (-29 - -21)?
2
What is the value of 4 + -1 + -7 + 8 - 7?
-3
-3 + -1 - (0 - (0 + 4))
0
Calculate -67 + 58 + 14 + 1.
6
What is the 